{"id":567,"date":"2020-08-02T22:44:24","date_gmt":"2020-08-02T22:44:24","guid":{"rendered":"https:\/\/sema-marine.com\/web\/?page_id=567"},"modified":"2021-03-15T14:36:42","modified_gmt":"2021-03-15T14:36:42","slug":"filomuz","status":"publish","type":"page","link":"https:\/\/sema-marine.com\/web\/filomuz\/","title":{"rendered":"Filomuz"},"content":{"rendered":"\t\t<div data-elementor-type=\"wp-page\" data-elementor-id=\"567\" class=\"elementor elementor-567\">\n\t\t\t\t\t\t\t\t\t<section class=\"elementor-section elementor-top-section elementor-element elementor-element-0c1cf0c elementor-section-stretched elementor-section-boxed elementor-section-height-default elementor-section-height-default\" data-id=\"0c1cf0c\" data-element_type=\"section\" data-settings=\"{&quot;stretch_section&quot;:&quot;section-stretched&quot;,&quot;background_background&quot;:&quot;gradient&quot;}\">\n\t\t\t\t\t\t<div class=\"elementor-container elementor-column-gap-default\">\n\t\t\t\t\t<div class=\"elementor-column elementor-col-33 elementor-top-column elementor-element elementor-element-f1d10d8\" data-id=\"f1d10d8\" data-element_type=\"column\">\n\t\t\t<div class=\"elementor-widget-wrap\">\n\t\t\t\t\t\t\t\t\t<\/div>\n\t\t<\/div>\n\t\t\t\t<div class=\"elementor-column elementor-col-33 elementor-top-column elementor-element elementor-element-c807906\" data-id=\"c807906\" data-element_type=\"column\">\n\t\t\t<div class=\"elementor-widget-wrap elementor-element-populated\">\n\t\t\t\t\t\t\t\t<div class=\"elementor-element elementor-element-8436937 elementor-widget elementor-widget-heading\" data-id=\"8436937\" data-element_type=\"widget\" data-widget_type=\"heading.default\">\n\t\t\t\t<div class=\"elementor-widget-container\">\n\t\t\t<h1 class=\"elementor-heading-title elementor-size-xl\">Filomuz<\/h1>\t\t<\/div>\n\t\t\t\t<\/div>\n\t\t\t\t<div class=\"elementor-element elementor-element-0a7f7c8 elementor-widget elementor-widget-text-editor\" data-id=\"0a7f7c8\" data-element_type=\"widget\" data-widget_type=\"text-editor.default\">\n\t\t\t\t<div class=\"elementor-widget-container\">\n\t\t\t\t\t\t\t<p>Sema Marine, deniz in\u015faat\u0131 ve a\u011f\u0131r y\u00fck ta\u015f\u0131mac\u0131l\u0131\u011f\u0131 i\u00e7in bilgi ve tecr\u00fcbe birikimiyle \u00f6zel olarak dizayn edilmi\u015f d\u00fcz duba ve d\u00f6k\u00fc gemisi filosuna sahip olup, siz de\u011ferli m\u00fc\u015fterilerine hizmet vermeye haz\u0131rd\u0131r.<\/p>\t\t\t\t\t\t<\/div>\n\t\t\t\t<\/div>\n\t\t\t\t\t<\/div>\n\t\t<\/div>\n\t\t\t\t<div class=\"elementor-column elementor-col-33 elementor-top-column elementor-element elementor-element-fd1178e\" data-id=\"fd1178e\" data-element_type=\"column\">\n\t\t\t<div class=\"elementor-widget-wrap\">\n\t\t\t\t\t\t\t\t\t<\/div>\n\t\t<\/div>\n\t\t\t\t\t\t\t<\/div>\n\t\t<\/section>\n\t\t\t\t<section class=\"elementor-section elementor-top-section elementor-element elementor-element-661a5d2 elementor-section-stretched elementor-section-boxed elementor-section-height-default elementor-section-height-default\" data-id=\"661a5d2\" data-element_type=\"section\" data-settings=\"{&quot;stretch_section&quot;:&quot;section-stretched&quot;,&quot;background_background&quot;:&quot;classic&quot;}\">\n\t\t\t\t\t\t<div class=\"elementor-container elementor-column-gap-default\">\n\t\t\t\t\t<div class=\"elementor-column elementor-col-50 elementor-top-column elementor-element elementor-element-9345e3f\" data-id=\"9345e3f\" data-element_type=\"column\">\n\t\t\t<div class=\"elementor-widget-wrap elementor-element-populated\">\n\t\t\t\t\t\t\t\t<div class=\"elementor-element elementor-element-50f9bb4 elementor-widget elementor-widget-heading\" data-id=\"50f9bb4\" data-element_type=\"widget\" data-widget_type=\"heading.default\">\n\t\t\t\t<div class=\"elementor-widget-container\">\n\t\t\t<h1 class=\"elementor-heading-title elementor-size-xl\"><a href=\"https:\/\/sema-marine.com\/web\/sema-1\/\">D\u00fcz Duba Sema-1<\/a><\/h1>\t\t<\/div>\n\t\t\t\t<\/div>\n\t\t\t\t<div class=\"elementor-element elementor-element-25cf87c elementor-widget elementor-widget-image\" data-id=\"25cf87c\" data-element_type=\"widget\" data-widget_type=\"image.default\">\n\t\t\t\t<div class=\"elementor-widget-container\">\n\t\t\t\t\t\t\t\t\t\t\t\t\t\t\t\t<a href=\"https:\/\/sema-marine.com\/web\/sema-1\/\" title=\"D\u00fcz Duba Sema-1\">\n\t\t\t\t\t\t\t<img decoding=\"async\" src=\"https:\/\/sema-marine.com\/web\/wp-content\/uploads\/elementor\/thumbs\/deckbarge-scaled-qr0nr260ja2exqfb1bm5exuy77skofrrukh3yj06ve.jpg\" title=\"deckbarge\" alt=\"Sat\u0131l\u0131k Duba + D\u00fcz Mavna\" loading=\"lazy\" \/>\t\t\t\t\t\t\t\t<\/a>\n\t\t\t\t\t\t\t\t\t\t\t\t\t\t\t<\/div>\n\t\t\t\t<\/div>\n\t\t\t\t<div class=\"elementor-element elementor-element-6e09f23 elementor-widget elementor-widget-text-editor\" data-id=\"6e09f23\" data-element_type=\"widget\" data-widget_type=\"text-editor.default\">\n\t\t\t\t<div class=\"elementor-widget-container\">\n\t\t\t\t\t\t\t\t\t\t\t\t\t<\/div>\n\t\t\t\t<\/div>\n\t\t\t\t\t<\/div>\n\t\t<\/div>\n\t\t\t\t<div class=\"elementor-column elementor-col-50 elementor-top-column elementor-element elementor-element-662da45\" data-id=\"662da45\" data-element_type=\"column\">\n\t\t\t<div class=\"elementor-widget-wrap elementor-element-populated\">\n\t\t\t\t\t\t\t\t<div class=\"elementor-element elementor-element-82f7bf1 elementor-widget elementor-widget-heading\" data-id=\"82f7bf1\" data-element_type=\"widget\" data-widget_type=\"heading.default\">\n\t\t\t\t<div class=\"elementor-widget-container\">\n\t\t\t<h1 class=\"elementor-heading-title elementor-size-xl\"><a href=\"https:\/\/sema-marine.com\/web\/reushinka\/\">D\u00f6k\u00fc Gemisi Reushinka<\/a><\/h1>\t\t<\/div>\n\t\t\t\t<\/div>\n\t\t\t\t<div class=\"elementor-element elementor-element-7e73473 elementor-widget elementor-widget-image\" data-id=\"7e73473\" data-element_type=\"widget\" data-widget_type=\"image.default\">\n\t\t\t\t<div class=\"elementor-widget-container\">\n\t\t\t\t\t\t\t\t\t\t\t\t\t\t\t\t<a href=\"https:\/\/sema-marine.com\/web\/reushinka\/\" title=\"D\u00f6k\u00fc Gemisi\">\n\t\t\t\t\t\t\t<img decoding=\"async\" src=\"https:\/\/sema-marine.com\/web\/wp-content\/uploads\/elementor\/thumbs\/reushinka-605133-qr0nr260ja2exqfb1bm5exuy77skofrrukh3yj06ve.jpg\" title=\"reushinka-605133\" alt=\"Kiral\u0131k D\u00f6k\u00fc Gemisi\" loading=\"lazy\" \/>\t\t\t\t\t\t\t\t<\/a>\n\t\t\t\t\t\t\t\t\t\t\t\t\t\t\t<\/div>\n\t\t\t\t<\/div>\n\t\t\t\t\t<\/div>\n\t\t<\/div>\n\t\t\t\t\t\t\t<\/div>\n\t\t<\/section>\n\t\t\t\t<section class=\"elementor-section elementor-top-section elementor-element elementor-element-9b3866c elementor-section-stretched elementor-section-boxed elementor-section-height-default elementor-section-height-default\" data-id=\"9b3866c\" data-element_type=\"section\" data-settings=\"{&quot;stretch_section&quot;:&quot;section-stretched&quot;,&quot;background_background&quot;:&quot;classic&quot;}\">\n\t\t\t\t\t\t<div class=\"elementor-container elementor-column-gap-default\">\n\t\t\t\t\t<div class=\"elementor-column elementor-col-50 elementor-top-column elementor-element elementor-element-e8b26ea\" data-id=\"e8b26ea\" data-element_type=\"column\">\n\t\t\t<div class=\"elementor-widget-wrap elementor-element-populated\">\n\t\t\t\t\t\t\t\t<div class=\"elementor-element elementor-element-d0b6554 elementor-widget elementor-widget-heading\" data-id=\"d0b6554\" data-element_type=\"widget\" data-widget_type=\"heading.default\">\n\t\t\t\t<div class=\"elementor-widget-container\">\n\t\t\t<h1 class=\"elementor-heading-title elementor-size-xl\"><a href=\"https:\/\/sema-marine.com\/web\/kazar-duba-podvodnik-1\/\">Kazar Duba Podvodnik-1<\/a><\/h1>\t\t<\/div>\n\t\t\t\t<\/div>\n\t\t\t\t<div class=\"elementor-element elementor-element-aa36852 elementor-widget elementor-widget-image\" data-id=\"aa36852\" data-element_type=\"widget\" data-widget_type=\"image.default\">\n\t\t\t\t<div class=\"elementor-widget-container\">\n\t\t\t\t\t\t\t\t\t\t\t\t\t\t\t\t<a href=\"https:\/\/sema-marine.com\/web\/kazar-duba-podvodnik-1\/\" title=\"Kazar Duba Podvodnik-1\">\n\t\t\t\t\t\t\t<img decoding=\"async\" src=\"https:\/\/sema-marine.com\/web\/wp-content\/uploads\/elementor\/thumbs\/Ayakli-Kazar-Duba-qr0nr260ja2exqfb1bm5exuy77skofrrukh3yj06ve.jpg\" title=\"Ayakl\u0131 Kazar Duba\" alt=\"Ayakl\u0131 Kazar Duba\" loading=\"lazy\" \/>\t\t\t\t\t\t\t\t<\/a>\n\t\t\t\t\t\t\t\t\t\t\t\t\t\t\t<\/div>\n\t\t\t\t<\/div>\n\t\t\t\t<div class=\"elementor-element elementor-element-a4c4f9b elementor-widget elementor-widget-text-editor\" data-id=\"a4c4f9b\" data-element_type=\"widget\" data-widget_type=\"text-editor.default\">\n\t\t\t\t<div class=\"elementor-widget-container\">\n\t\t\t\t\t\t\t\t\t\t\t\t\t<\/div>\n\t\t\t\t<\/div>\n\t\t\t\t\t<\/div>\n\t\t<\/div>\n\t\t\t\t<div class=\"elementor-column elementor-col-50 elementor-top-column elementor-element elementor-element-4c39608\" data-id=\"4c39608\" data-element_type=\"column\">\n\t\t\t<div class=\"elementor-widget-wrap elementor-element-populated\">\n\t\t\t\t\t\t\t\t<div class=\"elementor-element elementor-element-2a86db8 elementor-widget elementor-widget-heading\" data-id=\"2a86db8\" data-element_type=\"widget\" data-widget_type=\"heading.default\">\n\t\t\t\t<div class=\"elementor-widget-container\">\n\t\t\t<h1 class=\"elementor-heading-title elementor-size-xl\"><a href=\"https:\/\/sema-marine.com\/web\/doku-gemisi-kamskaya\/\">D\u00f6k\u00fc Gemisi Kamskaya<\/a><\/h1>\t\t<\/div>\n\t\t\t\t<\/div>\n\t\t\t\t<div class=\"elementor-element elementor-element-baf96bb elementor-widget elementor-widget-image\" data-id=\"baf96bb\" data-element_type=\"widget\" data-widget_type=\"image.default\">\n\t\t\t\t<div class=\"elementor-widget-container\">\n\t\t\t\t\t\t\t\t\t\t\t\t\t\t\t\t<a href=\"https:\/\/sema-marine.com\/web\/doku-gemisi-kamskaya\/\" title=\"Split Barge Kamskaya\">\n\t\t\t\t\t\t\t<img decoding=\"async\" src=\"https:\/\/sema-marine.com\/web\/wp-content\/uploads\/elementor\/thumbs\/Doku-Gemisi-qr0nr260ja2exqfb1bm5exuy77skofrrukh3yj06ve.jpg\" title=\"D\u00f6k\u00fc Gemisi\" alt=\"D\u00f6k\u00fc Gemisi\" loading=\"lazy\" \/>\t\t\t\t\t\t\t\t<\/a>\n\t\t\t\t\t\t\t\t\t\t\t\t\t\t\t<\/div>\n\t\t\t\t<\/div>\n\t\t\t\t\t<\/div>\n\t\t<\/div>\n\t\t\t\t\t\t\t<\/div>\n\t\t<\/section>\n\t\t\t\t\t\t\t<\/div>\n\t\t","protected":false},"excerpt":{"rendered":"<p>Filomuz Sema Marine, deniz in\u015faat\u0131 ve a\u011f\u0131r y\u00fck ta\u015f\u0131mac\u0131l\u0131\u011f\u0131 i\u00e7in bilgi ve tecr\u00fcbe birikimiyle \u00f6zel olarak dizayn edilmi\u015f d\u00fcz duba ve d\u00f6k\u00fc gemisi filosuna sahip olup, siz de\u011ferli m\u00fc\u015fterilerine hizmet vermeye haz\u0131rd\u0131r. D\u00fcz Duba Sema-1 D\u00f6k\u00fc Gemisi Reushinka Kazar Duba Podvodnik-1 D\u00f6k\u00fc Gemisi Kamskaya<\/p>\n","protected":false},"author":1,"featured_media":0,"parent":0,"menu_order":0,"comment_status":"closed","ping_status":"closed","template":"elementor_header_footer","meta":{"footnotes":""},"class_list":["post-567","page","type-page","status-publish","hentry"],"_links":{"self":[{"href":"https:\/\/sema-marine.com\/web\/wp-json\/wp\/v2\/pages\/567","targetHints":{"allow":["GET"]}}],"collection":[{"href":"https:\/\/sema-marine.com\/web\/wp-json\/wp\/v2\/pages"}],"about":[{"href":"https:\/\/sema-marine.com\/web\/wp-json\/wp\/v2\/types\/page"}],"author":[{"embeddable":true,"href":"https:\/\/sema-marine.com\/web\/wp-json\/wp\/v2\/users\/1"}],"replies":[{"embeddable":true,"href":"https:\/\/sema-marine.com\/web\/wp-json\/wp\/v2\/comments?post=567"}],"version-history":[{"count":20,"href":"https:\/\/sema-marine.com\/web\/wp-json\/wp\/v2\/pages\/567\/revisions"}],"predecessor-version":[{"id":1381,"href":"https:\/\/sema-marine.com\/web\/wp-json\/wp\/v2\/pages\/567\/revisions\/1381"}],"wp:attachment":[{"href":"https:\/\/sema-marine.com\/web\/wp-json\/wp\/v2\/media?parent=567"}],"curies":[{"name":"wp","href":"https:\/\/api.w.org\/{rel}","templated":true}]}}