{"id":355,"date":"2018-10-11T09:32:47","date_gmt":"2018-10-11T09:32:47","guid":{"rendered":"https:\/\/demo.themegrill.com\/zakra-business\/?page_id=355"},"modified":"2021-03-15T14:40:28","modified_gmt":"2021-03-15T14:40:28","slug":"faaliyet-alanlarimiz","status":"publish","type":"page","link":"https:\/\/sema-marine.com\/web\/faaliyet-alanlarimiz\/","title":{"rendered":"Hizmetlerimiz"},"content":{"rendered":"\t\t<div data-elementor-type=\"wp-post\" data-elementor-id=\"355\" class=\"elementor elementor-355\">\n\t\t\t\t\t\t\t\t\t<section class=\"elementor-section elementor-top-section elementor-element elementor-element-74643f5 elementor-section-stretched elementor-section-boxed elementor-section-height-default elementor-section-height-default\" data-id=\"74643f5\" data-element_type=\"section\" data-settings=\"{&quot;stretch_section&quot;:&quot;section-stretched&quot;,&quot;background_background&quot;:&quot;gradient&quot;}\">\n\t\t\t\t\t\t<div class=\"elementor-container elementor-column-gap-default\">\n\t\t\t\t\t<div class=\"elementor-column elementor-col-33 elementor-top-column elementor-element elementor-element-9d46419\" data-id=\"9d46419\" data-element_type=\"column\">\n\t\t\t<div class=\"elementor-widget-wrap\">\n\t\t\t\t\t\t\t\t\t<\/div>\n\t\t<\/div>\n\t\t\t\t<div class=\"elementor-column elementor-col-33 elementor-top-column elementor-element elementor-element-b5b2c4b\" data-id=\"b5b2c4b\" data-element_type=\"column\">\n\t\t\t<div class=\"elementor-widget-wrap elementor-element-populated\">\n\t\t\t\t\t\t\t\t<div class=\"elementor-element elementor-element-42be90d elementor-widget elementor-widget-heading\" data-id=\"42be90d\" data-element_type=\"widget\" data-widget_type=\"heading.default\">\n\t\t\t\t<div class=\"elementor-widget-container\">\n\t\t\t<h1 class=\"elementor-heading-title elementor-size-xl\">Faaliyet Alanlar\u0131m\u0131z<\/h1>\t\t<\/div>\n\t\t\t\t<\/div>\n\t\t\t\t<div class=\"elementor-element elementor-element-d0328c4 elementor-widget elementor-widget-text-editor\" data-id=\"d0328c4\" data-element_type=\"widget\" data-widget_type=\"text-editor.default\">\n\t\t\t\t<div class=\"elementor-widget-container\">\n\t\t\t\t\t\t\t<p>Sema Marine olarak sundu\u011fumuz hizmetler; d\u00fcz duba temini, deniz in\u015faat\u0131 ekipmanlar\u0131n\u0131n temini, \u00e7eki hizmetleri, deniz dibi tarama hizmetleri, sualt\u0131 s\u00f6rvey ve dalg\u0131\u00e7l\u0131k hizmetleri, gemi boyalar\u0131, yat boyalar\u0131 ve yeni in\u015fa deniz ekipmanlar\u0131.<\/p>\t\t\t\t\t\t<\/div>\n\t\t\t\t<\/div>\n\t\t\t\t\t<\/div>\n\t\t<\/div>\n\t\t\t\t<div class=\"elementor-column elementor-col-33 elementor-top-column elementor-element elementor-element-b58ddc4\" data-id=\"b58ddc4\" data-element_type=\"column\">\n\t\t\t<div class=\"elementor-widget-wrap\">\n\t\t\t\t\t\t\t\t\t<\/div>\n\t\t<\/div>\n\t\t\t\t\t\t\t<\/div>\n\t\t<\/section>\n\t\t\t\t<section class=\"elementor-section elementor-top-section elementor-element elementor-element-a6ca372 elementor-section-boxed elementor-section-height-default elementor-section-height-default\" data-id=\"a6ca372\" data-element_type=\"section\" data-settings=\"{&quot;background_background&quot;:&quot;classic&quot;}\">\n\t\t\t\t\t\t<div class=\"elementor-container elementor-column-gap-default\">\n\t\t\t\t\t<div class=\"elementor-column elementor-col-33 elementor-top-column elementor-element elementor-element-d486dde\" data-id=\"d486dde\" data-element_type=\"column\">\n\t\t\t<div class=\"elementor-widget-wrap elementor-element-populated\">\n\t\t\t\t\t\t\t\t<div class=\"elementor-element elementor-element-6b53743 elementor-widget elementor-widget-image\" data-id=\"6b53743\" data-element_type=\"widget\" data-widget_type=\"image.default\">\n\t\t\t\t<div class=\"elementor-widget-container\">\n\t\t\t\t\t\t\t\t\t\t\t\t\t\t\t\t<a href=\"https:\/\/sema-marine.com\/web\/sema-1\/\" title=\"D\u00fcz Duba\">\n\t\t\t\t\t\t\t<img decoding=\"async\" width=\"55\" height=\"55\" src=\"https:\/\/sema-marine.com\/web\/wp-content\/uploads\/2020\/08\/duz_duba_icon.png\" class=\"attachment-large size-large wp-image-656\" alt=\"\" \/>\t\t\t\t\t\t\t\t<\/a>\n\t\t\t\t\t\t\t\t\t\t\t\t\t\t\t<\/div>\n\t\t\t\t<\/div>\n\t\t\t\t<div class=\"elementor-element elementor-element-edc8c0a elementor-widget elementor-widget-heading\" data-id=\"edc8c0a\" data-element_type=\"widget\" data-widget_type=\"heading.default\">\n\t\t\t\t<div class=\"elementor-widget-container\">\n\t\t\t<h4 class=\"elementor-heading-title elementor-size-default\"><a href=\"https:\/\/sema-marine.com\/web\/sema-1\/\" title=\"D\u00fcz Duba\">D\u00fcz Duba<\/a><\/h4>\t\t<\/div>\n\t\t\t\t<\/div>\n\t\t\t\t<div class=\"elementor-element elementor-element-d9b706b elementor-widget elementor-widget-text-editor\" data-id=\"d9b706b\" data-element_type=\"widget\" data-widget_type=\"text-editor.default\">\n\t\t\t\t<div class=\"elementor-widget-container\">\n\t\t\t\t\t\t\t<p><a href=\"https:\/\/sema-marine.com\/web\/sema-1\/\">\u00d6zenle tasarlanm\u0131\u015f d\u00fcz duba Sema-1, neredeyse t\u00fcm deniz in\u015faat\u0131 projelerinde kullan\u0131ma uygundur.<\/a><\/p>\t\t\t\t\t\t<\/div>\n\t\t\t\t<\/div>\n\t\t\t\t\t<\/div>\n\t\t<\/div>\n\t\t\t\t<div class=\"elementor-column elementor-col-33 elementor-top-column elementor-element elementor-element-c00dffe\" data-id=\"c00dffe\" data-element_type=\"column\">\n\t\t\t<div class=\"elementor-widget-wrap elementor-element-populated\">\n\t\t\t\t\t\t\t\t<div class=\"elementor-element elementor-element-10bef61 elementor-widget elementor-widget-image\" data-id=\"10bef61\" data-element_type=\"widget\" data-widget_type=\"image.default\">\n\t\t\t\t<div class=\"elementor-widget-container\">\n\t\t\t\t\t\t\t\t\t\t\t\t\t\t\t\t<a href=\"https:\/\/sema-marine.com\/web\/deniz-tarama-hizmetleri\/\" title=\"Deniz Tarama Hizmetleri\">\n\t\t\t\t\t\t\t<img decoding=\"async\" width=\"54\" height=\"54\" src=\"https:\/\/sema-marine.com\/web\/wp-content\/uploads\/2020\/08\/tarama_hizmetleri_icon.png\" class=\"attachment-large size-large wp-image-662\" alt=\"\" \/>\t\t\t\t\t\t\t\t<\/a>\n\t\t\t\t\t\t\t\t\t\t\t\t\t\t\t<\/div>\n\t\t\t\t<\/div>\n\t\t\t\t<div class=\"elementor-element elementor-element-a52bb6e elementor-widget elementor-widget-heading\" data-id=\"a52bb6e\" data-element_type=\"widget\" data-widget_type=\"heading.default\">\n\t\t\t\t<div class=\"elementor-widget-container\">\n\t\t\t<h4 class=\"elementor-heading-title elementor-size-default\"><a href=\"https:\/\/sema-marine.com\/web\/deniz-tarama-hizmetleri\/\" title=\"Deniz Tarama Hizmetleri\">Deniz Tarama Hizmetleri<\/a><\/h4>\t\t<\/div>\n\t\t\t\t<\/div>\n\t\t\t\t<div class=\"elementor-element elementor-element-fb577e9 elementor-widget elementor-widget-text-editor\" data-id=\"fb577e9\" data-element_type=\"widget\" data-widget_type=\"text-editor.default\">\n\t\t\t\t<div class=\"elementor-widget-container\">\n\t\t\t\t\t\t\t<p><a href=\"https:\/\/sema-marine.com\/web\/deniz-tarama-hizmetleri\/\">Son derece bak\u0131ml\u0131 tarama ekipmanlar\u0131m\u0131z \u015fu anda Rusyada aktif olarak hizmet vermektedir.<\/a><\/p>\t\t\t\t\t\t<\/div>\n\t\t\t\t<\/div>\n\t\t\t\t\t<\/div>\n\t\t<\/div>\n\t\t\t\t<div class=\"elementor-column elementor-col-33 elementor-top-column elementor-element elementor-element-2b5166e\" data-id=\"2b5166e\" data-element_type=\"column\">\n\t\t\t<div class=\"elementor-widget-wrap elementor-element-populated\">\n\t\t\t\t\t\t\t\t<div class=\"elementor-element elementor-element-ca56e63 elementor-widget elementor-widget-image\" data-id=\"ca56e63\" data-element_type=\"widget\" data-widget_type=\"image.default\">\n\t\t\t\t<div class=\"elementor-widget-container\">\n\t\t\t\t\t\t\t\t\t\t\t\t\t\t\t<img decoding=\"async\" width=\"62\" height=\"55\" src=\"https:\/\/sema-marine.com\/web\/wp-content\/uploads\/2020\/08\/ceki_hizmetleri_icon.png\" class=\"attachment-large size-large wp-image-664\" alt=\"\" \/>\t\t\t\t\t\t\t\t\t\t\t\t\t\t\t<\/div>\n\t\t\t\t<\/div>\n\t\t\t\t<div class=\"elementor-element elementor-element-ac1f609 elementor-widget elementor-widget-heading\" data-id=\"ac1f609\" data-element_type=\"widget\" data-widget_type=\"heading.default\">\n\t\t\t\t<div class=\"elementor-widget-container\">\n\t\t\t<h4 class=\"elementor-heading-title elementor-size-default\">\u00c7eki Hizmetleri<\/h4>\t\t<\/div>\n\t\t\t\t<\/div>\n\t\t\t\t<div class=\"elementor-element elementor-element-c976b75 elementor-widget elementor-widget-text-editor\" data-id=\"c976b75\" data-element_type=\"widget\" data-widget_type=\"text-editor.default\">\n\t\t\t\t<div class=\"elementor-widget-container\">\n\t\t\t\t\t\t\t<p>Romork\u00f6r sahipleri taraf\u0131ndan olu\u015fan geni\u015f a\u011f\u0131m\u0131z sayesinde sizlere rekabet\u00e7i fiyatlar sunmaktay\u0131z.<\/p>\t\t\t\t\t\t<\/div>\n\t\t\t\t<\/div>\n\t\t\t\t\t<\/div>\n\t\t<\/div>\n\t\t\t\t\t\t\t<\/div>\n\t\t<\/section>\n\t\t\t\t<section class=\"elementor-section elementor-top-section elementor-element elementor-element-a44a990 elementor-section-boxed elementor-section-height-default elementor-section-height-default\" data-id=\"a44a990\" data-element_type=\"section\" data-settings=\"{&quot;background_background&quot;:&quot;classic&quot;}\">\n\t\t\t\t\t\t<div class=\"elementor-container elementor-column-gap-default\">\n\t\t\t\t\t<div class=\"elementor-column elementor-col-33 elementor-top-column elementor-element elementor-element-9a82d7a\" data-id=\"9a82d7a\" data-element_type=\"column\">\n\t\t\t<div class=\"elementor-widget-wrap elementor-element-populated\">\n\t\t\t\t\t\t\t\t<div class=\"elementor-element elementor-element-2575a43 elementor-widget elementor-widget-image\" data-id=\"2575a43\" data-element_type=\"widget\" data-widget_type=\"image.default\">\n\t\t\t\t<div class=\"elementor-widget-container\">\n\t\t\t\t\t\t\t\t\t\t\t\t\t\t\t<img loading=\"lazy\" decoding=\"async\" width=\"62\" height=\"55\" src=\"https:\/\/sema-marine.com\/web\/wp-content\/uploads\/2020\/08\/sualti_hizmetleri_icon.png\" class=\"attachment-large size-large wp-image-666\" alt=\"\" \/>\t\t\t\t\t\t\t\t\t\t\t\t\t\t\t<\/div>\n\t\t\t\t<\/div>\n\t\t\t\t<div class=\"elementor-element elementor-element-fd2aee8 elementor-widget elementor-widget-heading\" data-id=\"fd2aee8\" data-element_type=\"widget\" data-widget_type=\"heading.default\">\n\t\t\t\t<div class=\"elementor-widget-container\">\n\t\t\t<h4 class=\"elementor-heading-title elementor-size-default\">Sualt\u0131 Hizmetleri<\/h4>\t\t<\/div>\n\t\t\t\t<\/div>\n\t\t\t\t<div class=\"elementor-element elementor-element-bd4964c elementor-widget elementor-widget-text-editor\" data-id=\"bd4964c\" data-element_type=\"widget\" data-widget_type=\"text-editor.default\">\n\t\t\t\t<div class=\"elementor-widget-container\">\n\t\t\t\t\t\t\t<p>Uzman dalg\u0131\u00e7 ekibi sayesinde, genel ve spesifik sualt\u0131 hizmetleri vermekteyiz.<\/p>\t\t\t\t\t\t<\/div>\n\t\t\t\t<\/div>\n\t\t\t\t\t<\/div>\n\t\t<\/div>\n\t\t\t\t<div class=\"elementor-column elementor-col-33 elementor-top-column elementor-element elementor-element-4421d20\" data-id=\"4421d20\" data-element_type=\"column\">\n\t\t\t<div class=\"elementor-widget-wrap elementor-element-populated\">\n\t\t\t\t\t\t\t\t<div class=\"elementor-element elementor-element-0a7493e elementor-widget elementor-widget-image\" data-id=\"0a7493e\" data-element_type=\"widget\" data-widget_type=\"image.default\">\n\t\t\t\t<div class=\"elementor-widget-container\">\n\t\t\t\t\t\t\t\t\t\t\t\t\t\t\t\t<a href=\"https:\/\/sema-marine.com\/web\/yat-boyalari\/\">\n\t\t\t\t\t\t\t<img loading=\"lazy\" decoding=\"async\" width=\"35\" height=\"64\" src=\"https:\/\/sema-marine.com\/web\/wp-content\/uploads\/2020\/08\/yat_boyasi_icon.png\" class=\"attachment-large size-large wp-image-667\" alt=\"\" \/>\t\t\t\t\t\t\t\t<\/a>\n\t\t\t\t\t\t\t\t\t\t\t\t\t\t\t<\/div>\n\t\t\t\t<\/div>\n\t\t\t\t<div class=\"elementor-element elementor-element-2d0be4c elementor-widget elementor-widget-heading\" data-id=\"2d0be4c\" data-element_type=\"widget\" data-widget_type=\"heading.default\">\n\t\t\t\t<div class=\"elementor-widget-container\">\n\t\t\t<h4 class=\"elementor-heading-title elementor-size-default\"><a href=\"https:\/\/sema-marine.com\/web\/yat-boyalari\/\">Yat Boyalar\u0131<\/a><\/h4>\t\t<\/div>\n\t\t\t\t<\/div>\n\t\t\t\t<div class=\"elementor-element elementor-element-6f67e69 elementor-widget elementor-widget-text-editor\" data-id=\"6f67e69\" data-element_type=\"widget\" data-widget_type=\"text-editor.default\">\n\t\t\t\t<div class=\"elementor-widget-container\">\n\t\t\t\t\t\t\t<p><a href=\"https:\/\/sema-marine.com\/web\/yat-boyalari\/\">Sema Marine, y\u00fcksek teknoloji ile \u00fcretilmi\u015f son derece kaliteli yat boyas\u0131, gemi boyas\u0131 ve end\u00fcstriyel boyalar\u0131 uygun fiyatlar \u00e7er\u00e7evesinde temin etmektedir.<\/a><\/p>\t\t\t\t\t\t<\/div>\n\t\t\t\t<\/div>\n\t\t\t\t\t<\/div>\n\t\t<\/div>\n\t\t\t\t<div class=\"elementor-column elementor-col-33 elementor-top-column elementor-element elementor-element-fc70017\" data-id=\"fc70017\" data-element_type=\"column\">\n\t\t\t<div class=\"elementor-widget-wrap elementor-element-populated\">\n\t\t\t\t\t\t\t\t<div class=\"elementor-element elementor-element-b164984 elementor-widget elementor-widget-image\" data-id=\"b164984\" data-element_type=\"widget\" data-widget_type=\"image.default\">\n\t\t\t\t<div class=\"elementor-widget-container\">\n\t\t\t\t\t\t\t\t\t\t\t\t\t\t\t\t<a href=\"https:\/\/sema-marine.com\/web\/yeni-insa-duz-duba\/\" title=\"Barge Building\">\n\t\t\t\t\t\t\t<img loading=\"lazy\" decoding=\"async\" width=\"60\" height=\"55\" src=\"https:\/\/sema-marine.com\/web\/wp-content\/uploads\/2020\/08\/yeni_insa_icon.png\" class=\"attachment-large size-large wp-image-668\" alt=\"\" \/>\t\t\t\t\t\t\t\t<\/a>\n\t\t\t\t\t\t\t\t\t\t\t\t\t\t\t<\/div>\n\t\t\t\t<\/div>\n\t\t\t\t<div class=\"elementor-element elementor-element-d0829f3 elementor-widget elementor-widget-heading\" data-id=\"d0829f3\" data-element_type=\"widget\" data-widget_type=\"heading.default\">\n\t\t\t\t<div class=\"elementor-widget-container\">\n\t\t\t<h4 class=\"elementor-heading-title elementor-size-default\"><a href=\"https:\/\/sema-marine.com\/web\/yeni-insa-duz-duba\/\" title=\"Barge Building\">Yeni \u0130n\u015fa<\/a><\/h4>\t\t<\/div>\n\t\t\t\t<\/div>\n\t\t\t\t<div class=\"elementor-element elementor-element-0ceedcd elementor-widget elementor-widget-text-editor\" data-id=\"0ceedcd\" data-element_type=\"widget\" data-widget_type=\"text-editor.default\">\n\t\t\t\t<div class=\"elementor-widget-container\">\n\t\t\t\t\t\t\t<p><a href=\"https:\/\/sema-marine.com\/web\/yeni-insa-duz-duba\/\">Deniz in\u015faat\u0131 projelerindeki 25 y\u0131ll\u0131k tecr\u00fcbemiz ile sizlere en uygun dizayn\u0131 ve yeni ekipman\u0131 sa\u011flamaya haz\u0131r\u0131z.<\/a><\/p>\t\t\t\t\t\t<\/div>\n\t\t\t\t<\/div>\n\t\t\t\t\t<\/div>\n\t\t<\/div>\n\t\t\t\t\t\t\t<\/div>\n\t\t<\/section>\n\t\t\t\t<section class=\"elementor-section elementor-top-section elementor-element elementor-element-02931b2 elementor-section-boxed elementor-section-height-default elementor-section-height-default\" data-id=\"02931b2\" data-element_type=\"section\">\n\t\t\t\t\t\t<div class=\"elementor-container elementor-column-gap-default\">\n\t\t\t\t\t<div class=\"elementor-column elementor-col-100 elementor-top-column elementor-element elementor-element-a21eec7\" data-id=\"a21eec7\" data-element_type=\"column\">\n\t\t\t<div class=\"elementor-widget-wrap elementor-element-populated\">\n\t\t\t\t\t\t\t\t<div class=\"elementor-element elementor-element-533e81e elementor-widget elementor-widget-image-gallery\" data-id=\"533e81e\" data-element_type=\"widget\" data-widget_type=\"image-gallery.default\">\n\t\t\t\t<div class=\"elementor-widget-container\">\n\t\t\t\t\t<div class=\"elementor-image-gallery\">\n\t\t\t<div id='gallery-1' class='gallery galleryid-355 gallery-columns-4 gallery-size-thumbnail'><figure class='gallery-item'>\n\t\t\t<div class='gallery-icon landscape'>\n\t\t\t\t<a data-elementor-open-lightbox=\"yes\" data-elementor-lightbox-slideshow=\"533e81e\" data-elementor-lightbox-title=\"003\" data-e-action-hash=\"#elementor-action%3Aaction%3Dlightbox%26settings%3DeyJpZCI6NzUzLCJ1cmwiOiJodHRwczpcL1wvc2VtYS1tYXJpbmUuY29tXC93ZWJcL3dwLWNvbnRlbnRcL3VwbG9hZHNcLzIwMjBcLzA4XC8wMDMtc2NhbGVkLmpwZyIsInNsaWRlc2hvdyI6IjUzM2U4MWUifQ%3D%3D\" href='https:\/\/sema-marine.com\/web\/wp-content\/uploads\/2020\/08\/003-scaled.jpg'><img loading=\"lazy\" decoding=\"async\" width=\"150\" height=\"150\" src=\"https:\/\/sema-marine.com\/web\/wp-content\/uploads\/2020\/08\/003-150x150.jpg\" class=\"attachment-thumbnail size-thumbnail\" alt=\"Deniz Dibi Tarama\" aria-describedby=\"gallery-1-753\" \/><\/a>\n\t\t\t<\/div>\n\t\t\t\t<figcaption class='wp-caption-text gallery-caption' id='gallery-1-753'>\n\t\t\t\tDeniz Dibi Tarama Faaliyetleri\n\t\t\t\t<\/figcaption><\/figure><figure class='gallery-item'>\n\t\t\t<div class='gallery-icon landscape'>\n\t\t\t\t<a data-elementor-open-lightbox=\"yes\" data-elementor-lightbox-slideshow=\"533e81e\" data-elementor-lightbox-title=\"DSCN5536\" data-e-action-hash=\"#elementor-action%3Aaction%3Dlightbox%26settings%3DeyJpZCI6NzUyLCJ1cmwiOiJodHRwczpcL1wvc2VtYS1tYXJpbmUuY29tXC93ZWJcL3dwLWNvbnRlbnRcL3VwbG9hZHNcLzIwMjBcLzA4XC9EU0NONTUzNi5qcGciLCJzbGlkZXNob3ciOiI1MzNlODFlIn0%3D\" href='https:\/\/sema-marine.com\/web\/wp-content\/uploads\/2020\/08\/DSCN5536.jpg'><img loading=\"lazy\" decoding=\"async\" width=\"150\" height=\"150\" src=\"https:\/\/sema-marine.com\/web\/wp-content\/uploads\/2020\/08\/DSCN5536-150x150.jpg\" class=\"attachment-thumbnail size-thumbnail\" alt=\"Deniz \u0130n\u015faat\" aria-describedby=\"gallery-1-752\" \/><\/a>\n\t\t\t<\/div>\n\t\t\t\t<figcaption class='wp-caption-text gallery-caption' id='gallery-1-752'>\n\t\t\t\tDeniz \u0130n\u015faatlar\u0131\n\t\t\t\t<\/figcaption><\/figure><figure class='gallery-item'>\n\t\t\t<div class='gallery-icon landscape'>\n\t\t\t\t<a data-elementor-open-lightbox=\"yes\" data-elementor-lightbox-slideshow=\"533e81e\" data-elementor-lightbox-title=\"DSCN0108.jpg\" data-e-action-hash=\"#elementor-action%3Aaction%3Dlightbox%26settings%3DeyJpZCI6NzUxLCJ1cmwiOiJodHRwczpcL1wvc2VtYS1tYXJpbmUuY29tXC93ZWJcL3dwLWNvbnRlbnRcL3VwbG9hZHNcLzIwMjBcLzA4XC9EU0NOMDEwOC5qcGcuanBnIiwic2xpZGVzaG93IjoiNTMzZTgxZSJ9\" href='https:\/\/sema-marine.com\/web\/wp-content\/uploads\/2020\/08\/DSCN0108.jpg.jpg'><img loading=\"lazy\" decoding=\"async\" width=\"150\" height=\"150\" src=\"https:\/\/sema-marine.com\/web\/wp-content\/uploads\/2020\/08\/DSCN0108.jpg-150x150.jpg\" class=\"attachment-thumbnail size-thumbnail\" alt=\"Gemi Kurtarma\" aria-describedby=\"gallery-1-751\" \/><\/a>\n\t\t\t<\/div>\n\t\t\t\t<figcaption class='wp-caption-text gallery-caption' id='gallery-1-751'>\n\t\t\t\tGemi Kurtarma\n\t\t\t\t<\/figcaption><\/figure><figure class='gallery-item'>\n\t\t\t<div class='gallery-icon landscape'>\n\t\t\t\t<a data-elementor-open-lightbox=\"yes\" data-elementor-lightbox-slideshow=\"533e81e\" data-elementor-lightbox-title=\"batimetrik_olcumler\" data-e-action-hash=\"#elementor-action%3Aaction%3Dlightbox%26settings%3DeyJpZCI6NzU0LCJ1cmwiOiJodHRwczpcL1wvc2VtYS1tYXJpbmUuY29tXC93ZWJcL3dwLWNvbnRlbnRcL3VwbG9hZHNcLzIwMjBcLzA4XC9iYXRpbWV0cmlrX29sY3VtbGVyLmpwZyIsInNsaWRlc2hvdyI6IjUzM2U4MWUifQ%3D%3D\" href='https:\/\/sema-marine.com\/web\/wp-content\/uploads\/2020\/08\/batimetrik_olcumler.jpg'><img loading=\"lazy\" decoding=\"async\" width=\"150\" height=\"150\" src=\"https:\/\/sema-marine.com\/web\/wp-content\/uploads\/2020\/08\/batimetrik_olcumler-150x150.jpg\" class=\"attachment-thumbnail size-thumbnail\" alt=\"Gemi \u00c7eki Hizmetleri\" aria-describedby=\"gallery-1-754\" \/><\/a>\n\t\t\t<\/div>\n\t\t\t\t<figcaption class='wp-caption-text gallery-caption' id='gallery-1-754'>\n\t\t\t\tGemi \u00c7eki Hizmetleri\n\t\t\t\t<\/figcaption><\/figure>\n\t\t<\/div>\n\t\t<\/div>\n\t\t\t\t<\/div>\n\t\t\t\t<\/div>\n\t\t\t\t\t<\/div>\n\t\t<\/div>\n\t\t\t\t\t\t\t<\/div>\n\t\t<\/section>\n\t\t\t\t\t\t\t<\/div>\n\t\t","protected":false},"excerpt":{"rendered":"<p>Faaliyet Alanlar\u0131m\u0131z Sema Marine olarak sundu\u011fumuz hizmetler; d\u00fcz duba temini, deniz in\u015faat\u0131 ekipmanlar\u0131n\u0131n temini, \u00e7eki hizmetleri, deniz dibi tarama hizmetleri, sualt\u0131 s\u00f6rvey ve dalg\u0131\u00e7l\u0131k hizmetleri, gemi boyalar\u0131, yat boyalar\u0131 ve yeni in\u015fa deniz ekipmanlar\u0131. D\u00fcz Duba \u00d6zenle tasarlanm\u0131\u015f d\u00fcz duba Sema-1, neredeyse t\u00fcm deniz in\u015faat\u0131 projelerinde kullan\u0131ma uygundur. Deniz Tarama Hizmetleri Son derece bak\u0131ml\u0131 tarama [&hellip;]<\/p>\n","protected":false},"author":1,"featured_media":0,"parent":0,"menu_order":0,"comment_status":"closed","ping_status":"closed","template":"elementor_header_footer","meta":{"footnotes":""},"class_list":["post-355","page","type-page","status-publish","hentry"],"_links":{"self":[{"href":"https:\/\/sema-marine.com\/web\/wp-json\/wp\/v2\/pages\/355","targetHints":{"allow":["GET"]}}],"collection":[{"href":"https:\/\/sema-marine.com\/web\/wp-json\/wp\/v2\/pages"}],"about":[{"href":"https:\/\/sema-marine.com\/web\/wp-json\/wp\/v2\/types\/page"}],"author":[{"embeddable":true,"href":"https:\/\/sema-marine.com\/web\/wp-json\/wp\/v2\/users\/1"}],"replies":[{"embeddable":true,"href":"https:\/\/sema-marine.com\/web\/wp-json\/wp\/v2\/comments?post=355"}],"version-history":[{"count":26,"href":"https:\/\/sema-marine.com\/web\/wp-json\/wp\/v2\/pages\/355\/revisions"}],"predecessor-version":[{"id":1382,"href":"https:\/\/sema-marine.com\/web\/wp-json\/wp\/v2\/pages\/355\/revisions\/1382"}],"wp:attachment":[{"href":"https:\/\/sema-marine.com\/web\/wp-json\/wp\/v2\/media?parent=355"}],"curies":[{"name":"wp","href":"https:\/\/api.w.org\/{rel}","templated":true}]}}